ne c(h).
6
Let a(z) = -3*z - 1. Let q = -205 + 198. Let c = q - -8. Give a(c).
-4
Let v(k) be the third derivative of -2*k**2 + 0 + 0*k - 1/12*k**4 + 4/3*k**3. Suppose 82*t + 35 = 87*t. Calculate v(t).
-6
Let o = -4506 + 4499. Let g(m) = -4*m**2 - 30*m - 4. What is g(o)?
10
Let v be 13 + (3 + -3)/((-2)/(-2)). Suppose -3*d + 1 = v. Let a(p) = -4*p - 2. Calculate a(d).
14
Let v be 14/(-28)*(14 + 0)*-6. Suppose -2*o = -4*y + v, 15 = 2*y - 0*o + 5*o. Suppose -4*i - y = -9*i - 5*l, -3*l = -2*i - 16. Let d(m) = m - 4. Give d(i).
-6
Let i be (-17 + 16)/((-1)/3). Let y(k) = -17*k**3 - k + 41*k**3 - 11*k**3 - 11*k**i. Calculate y(1).
1
Let l(w) = -2*w**2 + 5*w + 17. Let v(j) = -131*j + 1973. Let k be v(15). Calculate l(k).
-71
Let t be ((-145)/10 + -2)*(-4)/6. Let s(j) = 2*j - 19. Let b be s(t). Suppose -16 = -4*m, -w - b*m + 2 = -1. Let k(z) = -z**3 - 9*z**2 - z - 8. Calculate k(w).
1
Let l = -23 + 20. Let j be 2/6*l - -11. Suppose -j = -z + 6*z. Let y(t) = -2*t**2 + 2*t + 2. Give y(z).
-10
Let u(g) = 5*g - 2. Let s be (-10 + 7 - -6)*(-35)/21. Determine u(s).
-27
Let b(t) be the third derivative of t**6/120 + t**5/20 + t**4/24 + 2*t**3/3 - 1143*t**2. What is b(-4)?
-16
Let m(t) = t**2 + 3*t + 11. Let k be m(0). Suppose -k*d = -264 + 385. Let h(g) = g**3 + 12*g**2 + 10*g - 9. Give h(d).
2
Suppose d - 297 = -7*y + 2*y, 0 = -5*y + 3*d + 309. Let z = y - 49. Suppose -4*a = -z*a + 42. Let l(f) = -f + 2. Determine l(a).
-4
Let c(p) = 4*p**3 + 47*p**2 - 22*p + 11. Let f(r) = -r**3 - r**2 + 36*r - 1. Let b(a) = -c(a) - f(a). What is b(-15)?
-25
Let i(g) be the second derivative of -g**3/3 - 5*g**2 + 2*g + 357. Determine i(-5).
0
Let q(f) = -f**3 - 9*f**2 + 25*f + 18. Let t be ((-102)/(-357))/(103/70 + (-72)/48). Calculate q(t).
-132
Let v = 52 - 59. Let f = -6 - v. Let t(d) = -4*d + 3 + f - 5*d + 8*d. Determine t(8).
-4
Let v(p) be the second derivative of p**4/2 + p**3 + p**2/2 + 2*p - 54. Calculate v(-3).
37
Let c = -119 + 116. Let f be ((-5)/15 - 0)*c. Let a(o) = 90*o - f - 177*o + 90*o. What is a(-4)?
-13
Let z(k) = 0 - 2 - 3*k + 5*k. Let b be (-16)/24 - (-60)/9. Let n be 32/b - (-30)/45. Give z(n).
10
Suppose 0 = 23*z - 39 - 283. Let w(g) = -g**2 + 17*g - 44. Give w(z).
-2
Let j(i) be the third derivative of -i**6/120 + 2*i**5/15 - 17*i**4/24 + 4*i**2 + 187. What is j(4)?
-4
Let i(r) = r - 8. Let x(d) = 5*d - 40. Let m(z) = -11*i(z) + 2*x(z). Suppose -4*c + 3*c - 4 = 0. Let v be -2 + 6 - (c + 2). What is m(v)?
2
Let r(z) = -2*z. Suppose 0 = 3*l + 350 - 356. Suppose a + v - 5 = 3*a, -3*v = l*a + 17. What is r(a)?
8
Let t(f) = 4*f + 12. Let h(n) = -5*n**2 - 19*n + 16. Let u(o) = 11*o**2 + 37*o - 32. Let a(s) = 9*h(s) + 4*u(s). Let b be a(-24). What is t(b)?
-20
Let p = -11 + 5. Let x(d) be the second derivative of -d**6/720 - d**5/10 - 151*d**4/12 + 3*d. Let q(z) be the third derivative of x(z). Calculate q(p).
-6
Suppose -2*r = 4*r - 18. Let z(u) = -5 + u**2 - r + 538*u - 543*u. Calculate z(7).
6
Suppose -7*t = 11 + 10. Let f be ((-11)/(-3) + t)*12. Let q be -1*(-3 - f/(-4)) - -1. Let c(i) = i**3 - i**2 - 2*i. Give c(q).
0
Let k be (-1 - -2) + ((-2)/2 - -3). Suppose c = k*r - 0*c - 25, 4*c = -3*r + 35. Let n(z) = 3 + 9*z - r + 4*z + z**3 - 2*z - 12*z**2. Calculate n(11).
-6
Let a(g) = 33*g - 4. Let f(c) = -159*c + 21. Let n(x) = -29*a(x) - 6*f(x). Let q be (-52)/20 - 2/5. Calculate n(q).
-1
Let f = 2022 - 1991. Let d(q) = -4*q**2 + 123*q + 36. What is d(f)?
5
Suppose 0 = -4*n + 4, 5*s - 38 = -41*n + 48*n. Let p(x) = -15*x - 11. What is p(s)?
-146
Let a(n) = 14*n + 74. Let p(b) = -5*b - 25. Let o be (-20 - -15) + (-1 - -23). Let m(g) = o*p(g) + 6*a(g). Calculate m(13).
6
Let s(h) be the third derivative of h**4/6 + 2*h**3/3 + 227*h**2. Give s(-1).
0
Let z(n) = 8*n - 1. Let t be (0 - -6) + -9 + 6. Let k(b) = -22*b**2 - 27*b - 11 + 8*b + 14*b**2 + b**t. Let f be k(10). Determine z(f).
-9
Suppose -4*x + 10 = j, -12*x + 10*x + 8 = 2*j. Let f(l) = l**3 - 2*l**2 - 4*l + 5. Determine f(x).
-3
Let p(u) be the third derivative of u**6/120 + u**5/12 - u**4/4 + 4*u**3/3 - u**2. Let c(a) = a**3 + 86*a**2 - 751*a - 14. Let v be c(8). Determine p(v).
8
Let r(n) = -n**2 - 23*n - 127. Suppose -33*f - 459 = 19*f - f. Give r(f).
-1
Let z(a) = a + 5*a - 5*a + 2. Let s = -37 + -257. Let l = 287 + s. Give z(l).
-5
Let x(v) = 2*v**2 - 28*v - 100. Let y be x(-3). Let r(m) be the second derivative of -1/3*m**4 - 1/2*m**y + 0 - 4*m + 1/6*m**3. What is r(2)?
-15
Let y(i) be the second derivative of -i + 37 + 0*i**2 - 7/3*i**3. Calculate y(-2).
28
Let z(v) = -9*v - 25. Let d(i) = -5*i - 14. Let y(j) = 11*d(j) - 6*z(j). Let q be (-1*0/4)/(-2 + 1). Give y(q).
-4
Suppose 0 = -3*k + 147 + 432. Let b(p) = 389*p - 194*p - k*p + 17. Determine b(-8).
1
Let g be 9 + -4 + -3 + -14*(7 - 8). Let n(r) = -5*r**2 + 82*r - 9. Determine n(g).
23
Let w(l) be the third derivative of l**7/2520 + l**6/720 - l**5/120 - l**4/6 - 11*l**3/6 + l**2 + 43. Let p(g) be the second derivative of w(g). Calculate p(5).
29
Let o be (18/12)/((-102)/(-12) - 9). Let s(a) = a**2 - 24*a - 66. Give s(o).
15
Let u be -2*(-1 + (-6 - -4)). Let r(b) = u*b**2 - 4 + 5*b + 13*b + 5 - 16*b. Calculate r(-1).
5
Let b(n) = -n**3 - n**2 - 5*n + 8. Let z(u) be the second derivative of u**5/20 + 5*u**3/6 - 9*u**2/2 - 35*u. Let a(k) = 6*b(k) + 5*z(k). Calculate a(-5).
3
Suppose -66 = 10*q - 506. Suppose 5*m = -q + 19. Let h(i) = -2*i - 16. Determine h(m).
-6
Let f(s) = 3*s + 2. Suppose 4*i - 94 = y + 199, 3*y = 4*i - 839. Let k = -270 - y. Calculate f(k).
11
Let m(a) = -a**3 + 2*a**2 - 11*a - 18. Let r be m(-6). Let u = -332 + r. Let p(c) = c**3 - 3*c**2 - 2*c - 5. Determine p(u).
3
Let p(k) = 29*k - 345. Let t be p(12). Let o(i) be the second derivative of -1/6*i**t - 1/2*i**2 + 15*i + 0. Determine o(6).
-7
Let l(x) = x**3 + x**2 + 3*x + 9. Let m = 7968 - 7973. What is l(m)?
-106
Let q(r) = -r**2 + 2*r - 4. Let g(a) = a**2 + 17*a + 33. Let x be g(-14). Let m = x - -23. Let w be 77/(-22)*(-16)/m. Give q(w).
-12
Let v(m) = 7*m + 10. Let a(p) = -6*p - 10. Let d(c) = 5*a(c) + 4*v(c). Let r(h) = -9 - 7*h - 6*h + 13*h - h. Let q(w) = 2*d(w) - 3*r(w). Give q(8).
-1
Let h(c) = 11*c**2 + 3*c - 1. Let r(w) = 13*w**2 + 2*w - 2. Let x(l) = l**2 + 4*l + 9. Let k be x(-2). Let i(a) = k*r(a) - 6*h(a). Determine i(-5).
11
Suppose 82 = x + 92. Let t(j) = 2*j**2 + 8*j - 13. Determine t(x).
107
Let v(i) = 23 - 23 - 2*i + 0*i. Let j be v(-2). Let n(q) = 6 + 55*q**2 - 112*q**2 + 4*q + 56*q**2. Give n(j).
6
Let b(v) = v - 19. Let l = -1039 + 1055. Determine b(l).
-3
Let o(d) = 3*d**2 + 6*d - 5. Let m(b) = 8*b**2 + 18*b - 14. Let l(f) = 4*m(f) - 11*o(f). Calculate l(6).
-1
Let a(w) = -61*w - 48. Let i(r) = -74*r - 48. Let x(z) = 6*a(z) - 5*i(z). Determine x(0).
-48
Suppose -x - 14 = -3*h + 3*x, -12 = -3*h + 3*x. Let d(p) be the first derivative of 4*p**2 - 3*p + 7. Calculate d(h).
13
Let r(o) = -161*o + 5 + 54*o + 50*o + 55*o. Give r(4).
-3
Let q(h) be the third derivative of -h**5/60 + 3*h**4/4 - 53*h**3/6 - h**2 - 3*h + 144. Give q(13).
12
Suppose 50*x = -628 + 378. Let m(w) = -2*w - 17. Determine m(x).
-7
Let n(h) = 2*h**2 + 2*h. Suppose 0 = -6*k + 3*k. Let f be k + 12 - (-2)/(-1). Suppose 3*j + f = m, 8*m - 3*m - 12 = -4*j. Determine n(j).
4
Let m(t) be the first derivative of 7*t**4/4 - t**3 - t**2/2 + 3*t - 21. Let p be m(-2). Let o = -58 - p. Let b(h) = h - 1. Determine b(o).
4
Let k(m) be the first derivative of 0*m + 5 + 0*m**2 + m**3 + 1/4*m**4. Determine k(-2).
4
Let p(t) = 8*t**2 + 3. Let z(s) = 31*s**2 + 7*s - 5. Let a(l) = 4*p(l) - z(l). Determine a(5).
7
Let c(h) = 3*h - 3*h + h + 8. Let f be (-9)/(6075/18)*5 - 88/15. Determine c(f).
2
Let v(q) = -q**3 + 2*q**2 + q. Let f(u) = -6*u - 3*u**2 + 4*u**2 + 2 - 2*u - 7*u. Let i be f(15). Give v(i).
2
Let n(i) be the first derivative of i - 1/3*i**3 - 1/2*i**2 - 130. Let k be (-2)/4*2/(-1). Determine n(k).
-1
Let d(g) = g**3 + g**2 - 7*g + 5. Let j(b) = b**3 - b**2 + b - 1. Let p be j(1). Let m be d(p). Let x(f) = -f**3 + 5*f**2 - 5. What is x(m)?
-5
Let d be 78/6*(4 - 3). Let p(s) = 5*s - 3 - s - 8 - 3*s. What is p(d)?
2
Let p(n) be the first derivative of -n**6/360 + n**4/24 - 128*n**3/3 + 93. Let k(x) be the third derivative of p(x). Give k(-3).
-8
Let m(l) = 54*l - 2104. Let k be m(39). Let 